+ (3 + 1 - -11). Suppose c - s = 1. List the prime factors of c.
13
Let g be 9/(-6)*(-4 + 2). Suppose 3*v + 110 = 5*o, g*v + 8*o = 4*o - 155. List the prime factors of (-3 + 2)/(1/v).
3, 5
List the prime factors of 3/1 + (-10 - -769) - 3.
3, 11, 23
Let j(h) be the third derivative of h**5/60 + 2*h**4/3 - 5*h**3/3 + 21*h**2. What are the prime factors of j(8)?
2, 7, 13
Suppose -3*x = 4*c - 28, 0*c = -4*c + 3*x + 4. What are the prime factors of (c/6)/((-1)/(-162))?
2, 3
Let i be (-48)/18*(0 + 3). What are the prime factors of 1 + 17 - (2 + i + 4)?
2, 5
Suppose -425*n - 3790 = -427*n. List the prime factors of n.
5, 379
Let q be (-31)/(-3) - (-1)/(-3). Suppose 33 = 11*s - q*s. List the prime factors of s.
3, 11
Let u(s) = -s**3 - 5*s**2 + 1. Let x be u(-5). Let q(o) = 9*o**2 + 2*o - 1. List the prime factors of q(x).
2, 5
Let z = 38 + -59. List the prime factors of (4 + 19/(-3))*z.
7
Suppose -3*j + 1450 + 1169 = 0. List the prime factors of j.
3, 97
Suppose -14 + 15 = -v. Let y be (2*v)/(4/(-42)). Suppose -203 - y = -4*k. List the prime factors of k.
2, 7
Suppose 2*j = 3*j + 283. Let o = -192 - j. What are the prime factors of o?
7, 13
Suppose 2*n + 127 = 2683. Suppose -10*r = -16*r + n. List the prime factors of r.
3, 71
Let c = 5 - 22. Let x = c + 73. What are the prime factors of (x/20)/2*5?
7
Let z = -5 - -10. Suppose m - 15 = 2*v + 3*v, 2*m = -5*v + 15. Suppose 0 = -m*o + z*o + 120. What are the prime factors of o?
2, 3
Let k = -125 - -517. Suppose -5*f - 2*a = -k - 25, -a = -1. What are the prime factors of f?
83
Let v be (-215)/(-6) + 1/6. Let r(l) = -23*l + v*l + 2 - 2. What are the prime factors of r(1)?
13
Let d = -1217 - -2212. What are the prime factors of d?
5, 199
Suppose -29*t - 432 = -45*t. Let o = -2 + -13. Let y = t + o. What are the prime factors of y?
2, 3
Let n(h) be the first derivative of 13*h**3 - h - 15. What are the prime factors of n(1)?
2, 19
Suppose -4*k + 5*z - 75 = 0, -2*k + 2*z + 5 = 45. Let m = -25 - k. Suppose 5*y = -m*y + 215. What are the prime factors of y?
43
Suppose 464*c + 4098 = 466*c. What are the prime factors of c?
3, 683
Suppose -10 = -q - 0*q + 5*l, -2*q = 5*l - 20. Let p be (q/25)/((-2)/(-50)). Let a(x) = 2*x + 3. List the prime factors of a(p).
23
Let g = -44 + 40. List the prime factors of (-3)/3*g - 57*-1.
61
Suppose -3*i = -105 - 39. What are the prime factors of (-6 + 16)/(2/i)?
2, 3, 5
Suppose 1836 + 1944 = 20*f. What are the prime factors of f?
3, 7
List the prime factors of ((-324)/(-30))/(15/50).
2, 3
Let o(i) = -i + 14. Let d be o(-6). Suppose 0 = 5*f - d. Suppose 4*n = 28 + f. List the prime factors of n.
2
Let i(y) = y**3 + 7*y**2 - 6*y + 9. Let j = -30 - -23. List the prime factors of i(j).
3, 17
Let l(x) = -x**2 + 36*x + 51. What are the prime factors of l(27)?
2, 3, 7
Let s(v) be the third derivative of 11*v**4/24 + v**3/2 - 2*v**2. Let g(d) = 21*d + 6. Let y(f) = -3*g(f) + 5*s(f). List the prime factors of y(-3).
3, 7
Let l be (-7)/(7/4) - (-58 - 1). What are the prime factors of ((-66)/l)/(3/(-50))?
2, 5
Suppose 0 = 3*u - 15, 0*u - 2360 = -2*n - 2*u. What are the prime factors of n?
5, 47
Let i(m) = -204*m + 36. List the prime factors of i(-2).
2, 3, 37
Let l(o) be the first derivative of -2*o**2 + 12*o - 7. Let w be l(-7). Let d = w - 18. List the prime factors of d.
2, 11
Suppose 0 = 20*m - 1413 - 33867. List the prime factors of m.
2, 3, 7
Suppose -5*h - 1150 = k, -5*k - 478 = 3*h + 5294. What are the prime factors of (k/(-28))/(3/(-12)*-1)?
3, 5, 11
Suppose 977 = 15*h - 2143. List the prime factors of h.
2, 13
What are the prime factors of (11*(-154)/(-363))/(4/1134)?
3, 7
Suppose 2482 + 108 = 10*z. List the prime factors of z.
7, 37
Suppose 0 = -2*c - 4*p + 220, 3*c = 8*p - 13*p + 333. Suppose 3*y - 2*h - 152 = 10, 4*h = 2*y - c. List the prime factors of y.
2, 13
Let q = 15 + -12. Suppose 4*r - 3*r - 5*c - q = 0, -4*c = 0. Suppose 3*k = -0*o + r*o - 138, -4*k = 5*o - 275. List the prime factors of o.
3, 17
Let m(f) = -86*f**2 + 95*f**2 + 3*f**3 - 1 - 4*f**3 + 7*f. List the prime factors of m(9).
2, 31
Let o = -23 - -33. Suppose -2*b - 2 = 0, 4*k + 171 = -5*b - o. Let x = 66 + k. List the prime factors of x.
2, 11
Let q(x) = -x**3 - 5*x**2 + 34*x + 120. What are the prime factors of q(-10)?
2, 5, 7
Let d be -137 - 1/10*6*-5. Let y = d + 188. What are the prime factors of y?
2, 3
Suppose i + 2*u = -4 + 3, 0 = 5*i - 5*u + 35. Let k be ((-222)/(-30))/((-1)/i). Let d = 67 - k. What are the prime factors of d?
2, 3, 5
Suppose -2*q + 5*h + 799 = 99, 1420 = 4*q - 5*h. What are the prime factors of q?
2, 3, 5
Let c(d) = -d**3 + d**2 - d - 17. Let j be c(0). Let k = 77 + j. Suppose 4*a = 9*a - k. List the prime factors of a.
2, 3
Let r = 665 + -294. List the prime factors of r.
7, 53
Let d(n) = -n**2 - 6*n - 7. Let z be d(-5). Let g be (-4)/12*(z - -2). Suppose 47 = v - 2*x, g = 4*v - v - x - 116. What are the prime factors of v?
37
Let x = -2590 + 3880. List the prime factors of x.
2, 3, 5, 43
Let v be (0*2/8)/2. Suppose v = 4*z + 2*w - 30, -3*z = -6*z + 5*w + 3. List the prime factors of z.
2, 3
What are the prime factors of 10/80 - (-56732)/32?
3, 197
Let s(b) be the first derivative of -b**4/4 + 5*b**3/3 + 9*b**2/2 + 8*b - 11. Let n be s(7). Let c = -20 - n. What are the prime factors of c?
7
List the prime factors of 10 - (1 + -4 - 941).
2, 3, 53
Let i(x) be the third derivative of -x**4/12 - 2*x**3 - 6*x**2. Let u be i(-8). Suppose -h + 20 = u*h, s + 2*h = 40. What are the prime factors of s?
2
Let i be (-6)/9*-3*116. Suppose 5*f - i = 2*m - m, 0 = 4*f + m - 191. Suppose 0 = 4*n - 53 - f. List the prime factors of n.
5
Suppose -2*o = -3*o + 72. Let p = -43 + o. Suppose -4*n = 3*g - 59, 4*n + 2*g - 5*g = p. List the prime factors of n.
11
Let k be -1 + 2/(6/9). Let g(c) = 38*c + 5*c**2 + 3*c**2 - 41*c + 1. What are the prime factors of g(k)?
3
Suppose -1 = b - 3. Suppose -g + 3 = -b. Suppose 32 = g*k - k. List the prime factors of k.
2
Let g be 143*(1 - 0)*1. Let x be 2 - 3 - (-4 - 2). Suppose 18 - g = -x*p. List the prime factors of p.
5
Let h(g) = -148*g**2 + 151*g**2 - 17 - 5 + 48*g. List the prime factors of h(-21).
293
Let q(w) = w**2 - 17*w - 30. Let s be q(17). List the prime factors of (-1)/(4/s)*380/15.
2, 5, 19
Let y be (-303 - 1)*9/18. Let c = y + 286. List the prime factors of c.
2, 67
Suppose 0 = -5*h + 195 - 10. Let b be (-150)/(-100) - 19/(-2). Let r = h - b. What are the prime factors of r?
2, 13
Let v = 23 + 89. Suppose s + 3 = 0, 2*s + v = 2*r + 4*s. List the prime factors of r.
59
Let z(w) = 11*w**3 - w. Let a be (5/(-3))/((-1)/3). Suppose 4*v - 1 = g, 0 = 2*v - a*v - 5*g + 18. List the prime factors of z(v).
2, 5
Suppose 4*m + 12 = -0, o + 4*m = -105. Let j = o + 133. What are the prime factors of j?
2, 5
Suppose -8*q = -2*q - 108. Suppose -35*f = -34*f - q. List the prime factors of f.
2, 3
Suppose 6*b - 1654 - 2126 = 0. Suppose -8*i - 2*i + b = 0. What are the prime factors of i?
3, 7
Let f(z) = -z**3 - 7*z**2 - 2*z - 8. Let h(p) = p**2 + 6*p + 1. Let k be h(-4). Let o be f(k). List the prime factors of 56/o*(10 + -7).
2, 7
Let x(k) = -k**3 - 4*k**2 + 5*k + 3. Let a be x(-5). Suppose a*n - 82 = n. What are the prime factors of n?
41
Suppose 2*r = 15*r - 12025. List the prime factors of r.
5, 37
Let g(r) = r**3 - 4*r**2 + r. Let l be g(3). Let o(u) = u**3 + 8*u**2 + 4*u - 2. What are the prime factors of o(l)?
2, 23
Let n(x) = 6*x**2 + 135*x + 5. List the prime factors of n(-31).
2, 13, 61
Let f(c) = -356*c + 8. List the prime factors of f(-3).
2, 269
Suppose 2306 + 86329 = 19*d. What are the prime factors of d?
3, 5, 311
Let v be 0 - 1 - 14/4*-2. Suppose -75 = -3*g - v. List the prime factors of g.
23
Let g be (-3)/3 - (0 + 55). Let u = g + 103. List the prime factors of u.
47
Suppose -3*h + 3044 = q, 2*h = -3*q + 2191 - 157. List the prime factors of h.
2, 3, 13
Suppose -2*q + 72 = 4*j, -4*j + 0*q + 72 = -3*q. Suppose -2 - j = 5*y. List the prime factors of ((-12)/9)/(y/6).
2
Suppose -2*t - 1180 = -5*j, 7*t = 4*j + 2*t - 944. What are the prime factors of j?
2, 59
Suppose -u = -4*z - 105 - 23, -2*u - 4*z + 292 = 0. What are the prime factors of u?
2, 5, 7
Let y be 92/22 + -2*6/66. Suppose 0 = -4*x - 4*v + 584, x + 6*v - y*v - 148 = 0. What are the prime 